{"id":26013,"date":"2024-03-29T17:13:34","date_gmt":"2024-03-29T16:13:34","guid":{"rendered":"https:\/\/www.marthapalermo.it\/?post_type=product&#038;p=26013"},"modified":"2026-02-21T19:10:42","modified_gmt":"2026-02-21T18:10:42","slug":"viaggio-al-centro-del-suono","status":"publish","type":"product","link":"https:\/\/www.marthapalermo.it\/en\/eventi\/house-concert-en\/viaggio-al-centro-del-suono\/","title":{"rendered":"VIAGGIO AL CENTRO DEL SUONO"},"content":{"rendered":"","protected":false},"excerpt":{"rendered":"<p>La pianista Giusy Caruso, ricercatrice docente al Conservatorio Reale di Anversa, in Belgio, nel suo<strong> concerto-spettacolo \u201cViaggio al centro del Suono\u201d<\/strong> propone <strong>in prima assoluta alla citt\u00e0 di Palermo<\/strong> un nuovo concetto di evento dal vivo &#8220;capace di portare il pubblico verso il futuro di spazi e formati inediti del concerto classico\u201d (Angelo Foletto \u2013 REPUBBLICA, 2022). Si tratta di un viaggio musicale alla scoperta di quelle intime relazioni tra le vibrazioni del suono, il ritmo e il gesto che lo produce, in un programma che spazia dal repertorio classico a quello pi\u00f9 contemporaneo fino alla tecnica estesa nelle corde del pianoforte e all&#8217;utilizzo di sensori per il tracciamento della tensione muscolare e del movimento delle braccia della pianista, che vengono restituiti da un software in suono elettronico.<\/p>\n<p><em>&#8220;Giusy Caruso trasforma cos\u00ec in poesia sinestetica i pi\u00f9 recenti studi delle neuroscienze sul movimento performativo, sulla biomeccanica, sull\u2019interazione uomo-macchina e sull&#8217;intelligenza artificiale, divenendo essa stessa corpo artistico, sbriciolando ogni barriera, sfidando ogni convenzione e in definitiva creando un nuovo genere di <strong>performance figitale<\/strong>, parola quest&#8217;ultima di un presente che \u00e8 gi\u00e0 futuro in cui il mondo fisico incontra quello digitale, che oggi \u00e8 definibile solo come autentica contemporaneit\u00e0 alla nostra esperienza quotidiana sublimata in arte&#8221; (Alessia Capelletti).<\/em><\/p>\n","protected":false},"author":1,"featured_media":26066,"template":"","meta":{"_acf_changed":false,"give_campaign_id":0,"_monsterinsights_skip_tracking":false,"_monsterinsights_sitenote_active":false,"_monsterinsights_sitenote_note":"","_monsterinsights_sitenote_category":0,"site-sidebar-layout":"default","site-content-layout":"","ast-site-content-layout":"default","site-content-style":"default","site-sidebar-style":"default","ast-global-header-display":"","ast-banner-title-visibility":"","ast-main-header-display":"","ast-hfb-above-header-display":"","ast-hfb-below-header-display":"","ast-hfb-mobile-header-display":"","site-post-title":"","ast-breadcrumbs-content":"","ast-featured-img":"","footer-sml-layout":"","ast-disable-related-posts":"","theme-transparent-header-meta":"default","adv-header-id-meta":"","stick-header-meta":"","header-above-stick-meta":"","header-main-stick-meta":"","header-below-stick-meta":"","astra-migrate-meta-layouts":"set","ast-page-background-enabled":"default","ast-page-background-meta":{"desktop":{"background-color":"var(--ast-global-color-4)","background-image":"","background-repeat":"repeat","background-position":"center center","background-size":"auto","background-attachment":"scroll","background-type":"","background-media":"","overlay-type":"","overlay-color":"","overlay-opacity":"","overlay-gradient":""},"tablet":{"background-color":"","background-image":"","background-repeat":"repeat","background-position":"center center","background-size":"auto","background-attachment":"scroll","background-type":"","background-media":"","overlay-type":"","overlay-color":"","overlay-opacity":"","overlay-gradient":""},"mobile":{"background-color":"","background-image":"","background-repeat":"repeat","background-position":"center center","background-size":"auto","background-attachment":"scroll","background-type":"","background-media":"","overlay-type":"","overlay-color":"","overlay-opacity":"","overlay-gradient":""}},"ast-content-background-meta":{"desktop":{"background-color":"var(--ast-global-color-5)","background-image":"","background-repeat":"repeat","background-position":"center center","background-size":"auto","background-attachment":"scroll","background-type":"","background-media":"","overlay-type":"","overlay-color":"","overlay-opacity":"","overlay-gradient":""},"tablet":{"background-color":"var(--ast-global-color-5)","background-image":"","background-repeat":"repeat","background-position":"center center","background-size":"auto","background-attachment":"scroll","background-type":"","background-media":"","overlay-type":"","overlay-color":"","overlay-opacity":"","overlay-gradient":""},"mobile":{"background-color":"var(--ast-global-color-5)","background-image":"","background-repeat":"repeat","background-position":"center center","background-size":"auto","background-attachment":"scroll","background-type":"","background-media":"","overlay-type":"","overlay-color":"","overlay-opacity":"","overlay-gradient":""}}},"product_brand":[],"product_cat":[144],"product_tag":[418],"class_list":{"0":"post-26013","1":"product","2":"type-product","3":"status-publish","4":"has-post-thumbnail","6":"product_cat-house-concert","7":"product_tag-noway","8":"desktop-align-left","9":"tablet-align-left","10":"mobile-align-left","12":"first","13":"instock","14":"taxable","15":"shipping-taxable","16":"product-type-variable"},"acf":[],"_links":{"self":[{"href":"https:\/\/www.marthapalermo.it\/en\/wp-json\/wp\/v2\/product\/26013","targetHints":{"allow":["GET"]}}],"collection":[{"href":"https:\/\/www.marthapalermo.it\/en\/wp-json\/wp\/v2\/product"}],"about":[{"href":"https:\/\/www.marthapalermo.it\/en\/wp-json\/wp\/v2\/types\/product"}],"author":[{"embeddable":true,"href":"https:\/\/www.marthapalermo.it\/en\/wp-json\/wp\/v2\/users\/1"}],"wp:featuredmedia":[{"embeddable":true,"href":"https:\/\/www.marthapalermo.it\/en\/wp-json\/wp\/v2\/media\/26066"}],"wp:attachment":[{"href":"https:\/\/www.marthapalermo.it\/en\/wp-json\/wp\/v2\/media?parent=26013"}],"wp:term":[{"taxonomy":"product_brand","embeddable":true,"href":"https:\/\/www.marthapalermo.it\/en\/wp-json\/wp\/v2\/product_brand?post=26013"},{"taxonomy":"product_cat","embeddable":true,"href":"https:\/\/www.marthapalermo.it\/en\/wp-json\/wp\/v2\/product_cat?post=26013"},{"taxonomy":"product_tag","embeddable":true,"href":"https:\/\/www.marthapalermo.it\/en\/wp-json\/wp\/v2\/product_tag?post=26013"}],"curies":[{"name":"wp","href":"https:\/\/api.w.org\/{rel}","templated":true}]}}

<p>La pianista Giusy Caruso, ricercatrice docente al Conservatorio Reale di Anversa, in Belgio, nel suo<strong> concerto-spettacolo “Viaggio al centro del Suono”</strong> propone <strong>in prima assoluta alla città di Palermo</strong> un nuovo concetto di evento dal vivo &#8220;capace di portare il pubblico verso il futuro di spazi e formati inediti del concerto classico” (Angelo Foletto – REPUBBLICA, 2022). Si tratta di un viaggio musicale alla scoperta di quelle intime relazioni tra le vibrazioni del suono, il ritmo e il gesto che lo produce, in un programma che spazia dal repertorio classico a quello più contemporaneo fino alla tecnica estesa nelle corde del pianoforte e all&#8217;utilizzo di sensori per il tracciamento della tensione muscolare e del movimento delle braccia della pianista, che vengono restituiti da un software in suono elettronico.</p>
<p><em>&#8220;Giusy Caruso trasforma così in poesia sinestetica i più recenti studi delle neuroscienze sul movimento performativo, sulla biomeccanica, sull’interazione uomo-macchina e sull&#8217;intelligenza artificiale, divenendo essa stessa corpo artistico, sbriciolando ogni barriera, sfidando ogni convenzione e in definitiva creando un nuovo genere di <strong>performance figitale</strong>, parola quest&#8217;ultima di un presente che è già futuro in cui il mondo fisico incontra quello digitale, che oggi è definibile solo come autentica contemporaneità alla nostra esperienza quotidiana sublimata in arte&#8221; (Alessia Capelletti).</em></p>
